0?
False
Is 11 a factor of 37521?
True
Is 13 a multiple of 3?
False
Is 18667 a multiple of 46?
False
Is 360 a multiple of 9?
True
Does 11 divide 369?
False
Is 16 a multiple of 8?
True
Is 13 a factor of 6566?
False
Is 881 even?
False
Does 13 divide 1386?
False
Does 4 divide 896?
True
Is 405 a factor of 49420?
False
Is 344 a multiple of 47?
False
Does 56 divide 168?
True
Is 2274 a multiple of 5?
False
Does 96 divide 4056?
False
Is 1650 a multiple of 75?
True
Is 466 a factor of 119296?
True
Does 103 divide 3811?
True
Is 119 a multiple of 17?
True
Is 49 a factor of 2344?
False
Does 21 divide 5444?
False
Is 9 a factor of 1405?
False
Is 8 a factor of 832?
True
Does 18 divide 18?
True
Does 28 divide 252?
True
Is 12 a factor of 84?
True
Is 13 a factor of 62332?
False
Is 132 a factor of 11446?
False
Is 15 a factor of 115123?
False
Does 12 divide 3226?
False
Is 10 a factor of 818?
False
Is 4181 a multiple of 113?
True
Does 109 divide 11743?
False
Does 56 divide 6720?
True
Is 31104 a multiple of 48?
True
Does 286 divide 16016?
True
Is 207 a multiple of 3?
True
Is 14 a factor of 1750?
True
Is 10 a factor of 8140?
True
Is 16 a factor of 81?
False
Does 30 divide 2220?
True
Is 72 a factor of 110649?
False
Does 6 divide 216?
True
Does 30 divide 150?
True
Does 7 divide 36943?
False
Is 705 a multiple of 30?
False
Is 4802 a multiple of 14?
True
Is 420 a multiple of 10?
True
Does 33 divide 3762?
True
Does 30 divide 2310?
True
Does 10 divide 89?
False
Is 32 a factor of 4608?
True
Does 9 divide 243?
True
Does 39 divide 507?
True
Does 130 divide 7540?
True
Does 20 divide 57120?
True
Is 2 a factor of 35?
False
Is 17 a factor of 8314?
False
Does 116 divide 1160?
True
Is 231 a multiple of 11?
True
Is 39 a factor of 1189?
False
Is 220 a factor of 68640?
True
Does 98 divide 11466?
True
Does 79 divide 1580?
True
Is 1972 a multiple of 34?
True
Is 186 a factor of 19344?
True
Is 22 a factor of 362?
False
Does 5 divide 623?
False
Is 29 a factor of 22924?
False
Is 1428 a multiple of 42?
True
Is 11436 a multiple of 30?
False
Does 6 divide 4620?
True
Is 389 a multiple of 5?
False
Does 9 divide 12721?
False
Is 6 a factor of 24348?
True
Is 39 a factor of 130044?
False
Is 2 a factor of 442?
True
Does 5 divide 14065?
True
Does 60 divide 4610?
False
Does 8 divide 49952?
True
Is 3795 a multiple of 33?
True
Is 7998 a multiple of 186?
True
Is 11 a factor of 10230?
True
Is 32338 a multiple of 4?
False
Does 20 divide 3380?
True
Is 14 a factor of 3093?
False
Does 2 divide 65?
False
Is 11970 a multiple of 14?
True
Does 11 divide 396?
True
Is 275 even?
False
Is 16 a factor of 1358?
False
Does 35 divide 9870?
True
Is 12270 a multiple of 7?
False
Does 108 divide 2052?
True
Is 4 a factor of 2808?
True
Is 13 a factor of 796?
False
Is 9006 a multiple of 79?
True
Is 1017 a multiple of 113?
True
Is 110 a factor of 33660?
True
Does 222 divide 21073?
False
Does 49 divide 12397?
True
Does 55 divide 821?
False
Is 29 a factor of 48881?
False
Is 6 a factor of 84?
True
Is 113 a factor of 8515?
False
Is 102828 a multiple of 54?
False
Is 2150 a multiple of 14?
False
Does 8 divide 5269?
False
Is 71 a factor of 1172?
False
Is 49270 a multiple of 80?
False
Is 18 a factor of 990?
True
Does 17 divide 6851?
True
Is 1710 a multiple of 32?
False
Is 5 a factor of 3045?
True
Is 17 a factor of 98463?
False
Is 25704 a multiple of 25?
False
Is 66 a factor of 4686?
True
Is 888 a multiple of 74?
True
Is 3172 a multiple of 52?
True
Is 44 a factor of 265?
False
Is 956 a multiple of 50?
False
Does 10 divide 31728?
False
Does 7 divide 993?
False
Does 56 divide 336?
True
Does 12 divide 36?
True
Does 17 divide 10294?
False
Is 29 a factor of 8713?
False
Does 114 divide 684?
True
Does 13 divide 91650?
True
Does 33 divide 2178?
True
Does 14 divide 9394?
True
Is 10 a factor of 1210?
True
Does 5 divide 967?
False
Does 14 divide 280?
True
Is 4002 a multiple of 29?
True
Is 12030 a multiple of 10?
True
Is 34 a factor of 1516?
False
Is 4 a factor of 1180?
True
Is 1345 a multiple of 42?
False
Does 36 divide 340?
False
Is 255 a multiple of 6?
False
Is 15452 a multiple of 22?
False
Does 90 divide 3166?
False
Does 2 divide 54?
True
Does 8 divide 7440?
True
Is 15 a factor of 2099?
False
Is 16199 a multiple of 11?
False
Does 12 divide 13704?
True
Does 4 divide 248?
True
Is 35294 a multiple of 9?
False
Does 40 divide 1480?
True
Does 23 divide 920?
True
Is 11 a factor of 20691?
True
Does 14 divide 61?
False
Is 915 a multiple of 15?
True
Does 10 divide 3123?
False
Does 20 divide 1944?
False
Is 321 a multiple of 107?
True
Is 27 a factor of 486?
True
Does 15 divide 15105?
True
Is 5231 a multiple of 30?
False
Is 39377 a multiple of 8?
False
Does 118 divide 32686?
True
Is 62130 a multiple of 114?
True
Is 9 a factor of 178?
False
Is 59 a factor of 89680?
True
Does 15 divide 4840?
False
Does 63 divide 5160?
False
Does 178 divide 21538?
True
Is 10 a factor of 546?
False
Is 49 a factor of 803?
False
Is 18 a factor of 343?
False
Is 6 a factor of 936?
True
Is 20235 a multiple of 111?
False
Is 2561 a multiple of 5?
False
Is 3 a factor of 1331?
False
Does 26 divide 1430?
True
Does 14 divide 176?
False
Does 13 divide 3406?
True
Is 32754 a multiple of 53?
True
Is 2 a factor of 525?
False
Is 814 a multiple of 8?
False
Does 64 divide 18816?
True
Does 9 divide 213?
False
Does 73 divide 2225?
False
Is 27879 a multiple of 19?
False
Is 3783 a multiple of 97?
True
Is 16 a factor of 579?
False
Does 16 divide 1040?
True
Is 71 a factor of 2982?
True
Is 30 even?
True
Does 12 divide 348?
True
Is 3 a factor of 2166?
True
Is 7 a factor of 847?
True
Does 35 divide 26700?
False
Is 140 a factor of 69160?
True
Is 376 a multiple of 47?
True
Does 66 divide 594?
True
Does 6 divide 33?
False
Does 47 divide 611?
True
Does 144 divide 44064?
True
Is 673 a multiple of 15?
False
Does 5 divide 58?
False
Is 518 a multiple of 32?
False
Does 18 divide 1314?
True
Is 6513 a multiple of 13?
True
Is 168950 a multiple of 218?
True
Is 38528 a multiple of 4?
True
Does 16 divide 160?
True
Is 496 a multiple of 8?
True
Is 666 a multiple of 13?
False
Is 15 a factor of 120480?
True
Does 6 divide 618?
True
Does 104 divide 5510?
False
Is 43 a factor of 15131?
False
Is 29 a multiple of 29?
True
Is 170 a multiple of 23?
False
Is 15948 a multiple of 12?
True
Is 1305 a multiple of 8?
False
Is 1011 a multiple of 13?
False
Is 12 a factor of 1260?
True
Is 154 a factor of 13398?
True
Is 180 a multiple of 6?
True
Is 64 a multiple of 16?
True
Is 21 a factor of 83496?
True
Does 13 divide 11292?
False
Is 51 a factor of 13974?
True
Is 52572 a multiple of 64?
False
Is 40 a factor of 3080?
True
Does 87 divide 98188?
False
Is 20 a factor of 130?
False
Is 20212 a multiple of 31?
True
Is 665 a multiple of 11?
False
Is 813 a multiple of 10?
False
Does 11 divide 935?
True
Does 11 divide 2332?
True
Is 8 a factor of 648?
True
Is 2017 a multiple of 7?
False
Does 47 divide 7661?
True
Does 5 divide 102?
False
Does 69 divide 828?
True
Is 37692 a multiple of 27?
True
Is 102 a factor of 2550?
True
Does 5 divide 370?
True
Does 9 divide 14115?
False
Is 3 a factor of 273?
True
Does 71 divide 5555?
False
Is 2023 a multiple of 10?
False
Does 37 divide 74?
True
Is 2749 a multiple of 33?
False
Does 46 divide 1472?
True
Is 7 a factor of 2481?
False
Is 386 even?
True
Does 30 divide 3744?
False
Does 51 divide 489?
False
Is 72 a factor of 117368?
False
Is 620 a multiple of 20?
True
Is 1847 a multiple of 25?
False
Is 19382 a multiple of 42?
False
Is 6178 a multiple of 34?
False
Is 10 a factor of 100?
True
Is 2593 a multiple of 37?
False
Is 925 a multiple of 11?
False
Is 13 a factor of 1565?
False
Is 76 a factor of 548?
False
Is 11409 a multiple of 148?
False
Is 216 even?
True
Is 39610 a multiple of 16?
False
Is 58 a factor of 928?
True
Does 23 divide 3025?
False
Is 18 a factor of 506?
False
Is 520 a multiple of 11?
False
Is 11 a factor of 326?
False
Does 10 divide 6054?
False
Is 749 a multiple of 7?
True
Does 20 divide 1500?
True
Is 99 a factor of 1240?
False
Is 6308 a multiple of 60?
False
Does 41 divide 12464?
True
Is 269 a multiple of 35?
False
Is 11 a factor of 12463?
True
Is 48 a factor of 969?
False
Is 42 a factor of 97173?
False
Does 87 divide 2610?
True
Is 117 a multiple of 4?
False
Does 22 divide 2178?
True
Does 10 divide 137?
F